{"id":15831,"date":"2018-07-28T10:35:25","date_gmt":"2018-07-28T10:35:25","guid":{"rendered":"http:\/\/despatxcarrasco.com\/?page_id=15831\/"},"modified":"2018-07-28T10:55:13","modified_gmt":"2018-07-28T10:55:13","slug":"darreres-noticies","status":"publish","type":"page","link":"http:\/\/despatxcarrasco.com\/ca\/darreres-noticies\/","title":{"rendered":"Darreres Not\u00edcies"},"content":{"rendered":"<p>[vc_row css_animation=&#8221;&#8221; row_type=&#8221;row&#8221; use_row_as_full_screen_section=&#8221;no&#8221; type=&#8221;grid&#8221; angled_section=&#8221;no&#8221; text_align=&#8221;left&#8221; background_image_as_pattern=&#8221;without_pattern&#8221; padding_top=&#8221;10&#8243; padding_bottom=&#8221;15&#8243; z_index=&#8221;&#8221;][vc_column][vc_separator type=&#8221;transparent&#8221; up=&#8221;15&#8243; down=&#8221;0&#8243;][vc_column_text]<\/p>\n<h2 style=\"text-align: center;\">Darreres Not\u00edcies<\/h2>\n<p>[\/vc_column_text][vc_separator type=&#8221;small&#8221; position=&#8221;center&#8221;][vc_column_text]<\/p>\n<h4 style=\"text-align: justify;\"><strong>En aquest espai, DESPATX CARRASCO<\/strong>\u00a0li oferir\u00e0 informaci\u00f3 sobre aquelles not\u00edcies que siguin rellevants a nivell de Dret Civil, Mercantil, Laboral, Penal,&#8230;; aix\u00ed com aquelles not\u00edcies que afectin al nostre Despatx. <strong>Visiti&#8217;ns sovint per estar al dia!<\/strong><\/h4>\n<p>[\/vc_column_text][vc_separator type=&#8221;transparent&#8221; up=&#8221;64&#8243; down=&#8221;0&#8243;][vc_row_inner row_type=&#8221;row&#8221; type=&#8221;full_width&#8221; text_align=&#8221;left&#8221; css_animation=&#8221;&#8221;][vc_column_inner width=&#8221;1\/2&#8243;][vc_single_image image=&#8221;15642&#8243; img_size=&#8221;full&#8221; qode_css_animation=&#8221;element_from_fade&#8221; transition_delay=&#8221;0.1&#8243;][vc_separator type=&#8221;transparent&#8221; up=&#8221;30&#8243; down=&#8221;0&#8243;][\/vc_column_inner][vc_column_inner width=&#8221;1\/2&#8243;][vc_column_text]<\/p>\n<h3 style=\"text-align: left;\">INAUGUREM LA NOSTRA NOVA WEB<\/h3>\n<p>[\/vc_column_text][vc_separator type=&#8221;transparent&#8221; up=&#8221;11&#8243; down=&#8221;0&#8243;][vc_column_text]<\/p>\n<p align=\"justify\"><strong>Hola!<\/strong><br \/>\nTenim el placer de presentar-vos la nostra\u00a0<strong>NOVA WEB<\/strong>; un espai creat per oferir una millor informaci\u00f3 als nostres clients, per estar m\u00e9s a prop i en contacte m\u00e9s directe amb ells.<\/p>\n<p align=\"justify\">El projecte ha estat contractat a\u00a0<strong>IDG GRUP WEB &#8211; IMATGE CORPORATIVA I PUBLICITAT<\/strong>, qui s&#8217;ha encarregat d&#8217;aportar un toc modern i una estructura informativa \u00e0gil al nostre projecte.<\/p>\n<p align=\"justify\">Desitgem que el resultat <strong>sigui del\u00a0vostre agrat!<\/strong><\/p>\n<p>[\/vc_column_text][\/vc_column_inner][\/vc_row_inner][vc_separator type=&#8221;normal&#8221; color=&#8221;#d6d6d6&#8243; up=&#8221;35&#8243; down=&#8221;45&#8243;][vc_row_inner row_type=&#8221;row&#8221; type=&#8221;full_width&#8221; text_align=&#8221;left&#8221; css_animation=&#8221;&#8221;][vc_column_inner width=&#8221;1\/2&#8243;][vc_column_text]<\/p>\n<h3 style=\"text-align: left;\">DECLARACI\u00d3 DE LA RENDA 2017<\/h3>\n<p>[\/vc_column_text][vc_separator type=&#8221;transparent&#8221; up=&#8221;11&#8243; down=&#8221;0&#8243;][vc_column_text]<\/p>\n<p align=\"justify\">Avui, dia <span style=\"color: #003366;\"><strong>02 juliol 2018<\/strong><\/span> <strong>finalitza el termini per a presentar la Declaraci\u00f3n de la Renda 2017 i del Patrimoni<\/strong>.<\/p>\n<p align=\"justify\">El passat <strong><span style=\"color: #003366;\">dia 29<\/span><\/strong>, va concloure tamb\u00e9 el termini per a sol\u00b7licitar cites pr\u00e8vies i fer la declaraci\u00f3 a les oficines de l&#8217;Ag\u00e8ncia Tribut\u00e0ria i per qualsevol via finalitza aquest divendres. Finalment, el passat dia 27 va ser l&#8217;\u00faltim per a presentar les Declaracions de la Renda i Patrimoni 2017, si el resultat era a ingresar i requeria domiciliaci\u00f3 banc\u00e0ria.<\/p>\n<p align=\"justify\">Per m\u00e9s informaci\u00f3, <strong>no dubti en contactar-nos!<\/strong><\/p>\n<p>[\/vc_column_text][\/vc_column_inner][vc_column_inner width=&#8221;1\/2&#8243;][vc_single_image image=&#8221;15786&#8243; img_size=&#8221;full&#8221; qode_css_animation=&#8221;element_from_fade&#8221; transition_delay=&#8221;0.1&#8243;][vc_separator type=&#8221;transparent&#8221; up=&#8221;30&#8243; down=&#8221;0&#8243;][\/vc_column_inner][\/vc_row_inner][vc_separator type=&#8221;normal&#8221; color=&#8221;#d6d6d6&#8243; up=&#8221;35&#8243; down=&#8221;45&#8243;][vc_separator type=&#8221;transparent&#8221; up=&#8221;60&#8243; down=&#8221;30&#8243;][\/vc_column][\/vc_row][vc_row css_animation=&#8221;&#8221; row_type=&#8221;row&#8221; use_row_as_full_screen_section=&#8221;no&#8221; type=&#8221;full_width&#8221; angled_section=&#8221;no&#8221; text_align=&#8221;left&#8221; background_image_as_pattern=&#8221;without_pattern&#8221;][vc_column][vc_column_text]<\/p>\n<h2 style=\"text-align: center;\"><span style=\"color: #003366;\">En qu\u00e8 el podem AJUDAR?<\/span><\/h2>\n<p>[\/vc_column_text][vc_separator type=&#8221;transparent&#8221; up=&#8221;11&#8243; down=&#8221;0&#8243;][\/vc_column][\/vc_row]<\/p>\n","protected":false},"excerpt":{"rendered":"<p>[vc_row css_animation=&#8221;&#8221; row_type=&#8221;row&#8221; use_row_as_full_screen_section=&#8221;no&#8221; type=&#8221;grid&#8221; angled_section=&#8221;no&#8221; text_align=&#8221;left&#8221; background_image_as_pattern=&#8221;without_pattern&#8221; padding_top=&#8221;10&#8243; padding_bottom=&#8221;15&#8243; z_index=&#8221;&#8221;][vc_column][vc_separator type=&#8221;transparent&#8221; up=&#8221;15&#8243; down=&#8221;0&#8243;][vc_column_text] Darreres Not\u00edcies [\/vc_column_text][vc_separator type=&#8221;small&#8221; position=&#8221;center&#8221;][vc_column_text] En aquest espai, DESPATX CARRASCO\u00a0li oferir\u00e0 informaci\u00f3 sobre aquelles not\u00edcies que siguin rellevants a nivell de Dret Civil, Mercantil, Laboral, Penal,&#8230;; aix\u00ed com aquelles not\u00edcies que&#8230;<\/p>\n","protected":false},"author":1,"featured_media":0,"parent":0,"menu_order":0,"comment_status":"closed","ping_status":"closed","template":"full_width.php","meta":{"footnotes":""},"class_list":["post-15831","page","type-page","status-publish","hentry"],"_links":{"self":[{"href":"http:\/\/despatxcarrasco.com\/ca\/wp-json\/wp\/v2\/pages\/15831","targetHints":{"allow":["GET"]}}],"collection":[{"href":"http:\/\/despatxcarrasco.com\/ca\/wp-json\/wp\/v2\/pages"}],"about":[{"href":"http:\/\/despatxcarrasco.com\/ca\/wp-json\/wp\/v2\/types\/page"}],"author":[{"embeddable":true,"href":"http:\/\/despatxcarrasco.com\/ca\/wp-json\/wp\/v2\/users\/1"}],"replies":[{"embeddable":true,"href":"http:\/\/despatxcarrasco.com\/ca\/wp-json\/wp\/v2\/comments?post=15831"}],"version-history":[{"count":3,"href":"http:\/\/despatxcarrasco.com\/ca\/wp-json\/wp\/v2\/pages\/15831\/revisions"}],"predecessor-version":[{"id":15834,"href":"http:\/\/despatxcarrasco.com\/ca\/wp-json\/wp\/v2\/pages\/15831\/revisions\/15834"}],"wp:attachment":[{"href":"http:\/\/despatxcarrasco.com\/ca\/wp-json\/wp\/v2\/media?parent=15831"}],"curies":[{"name":"wp","href":"https:\/\/api.w.org\/{rel}","templated":true}]}}

Darreres Notícies

<p>[vc_row css_animation=&#8221;&#8221; row_type=&#8221;row&#8221; use_row_as_full_screen_section=&#8221;no&#8221; type=&#8221;grid&#8221; angled_section=&#8221;no&#8221; text_align=&#8221;left&#8221; background_image_as_pattern=&#8221;without_pattern&#8221; padding_top=&#8221;10&#8243; padding_bottom=&#8221;15&#8243; z_index=&#8221;&#8221;][vc_column][vc_separator type=&#8221;transparent&#8221; up=&#8221;15&#8243; down=&#8221;0&#8243;][vc_column_text]</p>
<h2 style="text-align: center;">Darreres Notícies</h2>
<p>[/vc_column_text][vc_separator type=&#8221;small&#8221; position=&#8221;center&#8221;][vc_column_text]</p>
<h4 style="text-align: justify;"><strong>En aquest espai, DESPATX CARRASCO</strong> li oferirà informació sobre aquelles notícies que siguin rellevants a nivell de Dret Civil, Mercantil, Laboral, Penal,&#8230;; així com aquelles notícies que afectin al nostre Despatx. <strong>Visiti&#8217;ns sovint per estar al dia!</strong></h4>
<p>[/vc_column_text][vc_separator type=&#8221;transparent&#8221; up=&#8221;64&#8243; down=&#8221;0&#8243;][vc_row_inner row_type=&#8221;row&#8221; type=&#8221;full_width&#8221; text_align=&#8221;left&#8221; css_animation=&#8221;&#8221;][vc_column_inner width=&#8221;1/2&#8243;][vc_single_image image=&#8221;15642&#8243; img_size=&#8221;full&#8221; qode_css_animation=&#8221;element_from_fade&#8221; transition_delay=&#8221;0.1&#8243;][vc_separator type=&#8221;transparent&#8221; up=&#8221;30&#8243; down=&#8221;0&#8243;][/vc_column_inner][vc_column_inner width=&#8221;1/2&#8243;][vc_column_text]</p>
<h3 style="text-align: left;">INAUGUREM LA NOSTRA NOVA WEB</h3>
<p>[/vc_column_text][vc_separator type=&#8221;transparent&#8221; up=&#8221;11&#8243; down=&#8221;0&#8243;][vc_column_text]</p>
<p align="justify"><strong>Hola!</strong><br />
Tenim el placer de presentar-vos la nostra <strong>NOVA WEB</strong>; un espai creat per oferir una millor informació als nostres clients, per estar més a prop i en contacte més directe amb ells.</p>
<p align="justify">El projecte ha estat contractat a <strong>IDG GRUP WEB &#8211; IMATGE CORPORATIVA I PUBLICITAT</strong>, qui s&#8217;ha encarregat d&#8217;aportar un toc modern i una estructura informativa àgil al nostre projecte.</p>
<p align="justify">Desitgem que el resultat <strong>sigui del vostre agrat!</strong></p>
<p>[/vc_column_text][/vc_column_inner][/vc_row_inner][vc_separator type=&#8221;normal&#8221; color=&#8221;#d6d6d6&#8243; up=&#8221;35&#8243; down=&#8221;45&#8243;][vc_row_inner row_type=&#8221;row&#8221; type=&#8221;full_width&#8221; text_align=&#8221;left&#8221; css_animation=&#8221;&#8221;][vc_column_inner width=&#8221;1/2&#8243;][vc_column_text]</p>
<h3 style="text-align: left;">DECLARACIÓ DE LA RENDA 2017</h3>
<p>[/vc_column_text][vc_separator type=&#8221;transparent&#8221; up=&#8221;11&#8243; down=&#8221;0&#8243;][vc_column_text]</p>
<p align="justify">Avui, dia <span style="color: #003366;"><strong>02 juliol 2018</strong></span> <strong>finalitza el termini per a presentar la Declaración de la Renda 2017 i del Patrimoni</strong>.</p>
<p align="justify">El passat <strong><span style="color: #003366;">dia 29</span></strong>, va concloure també el termini per a sol·licitar cites prèvies i fer la declaració a les oficines de l&#8217;Agència Tributària i per qualsevol via finalitza aquest divendres. Finalment, el passat dia 27 va ser l&#8217;últim per a presentar les Declaracions de la Renda i Patrimoni 2017, si el resultat era a ingresar i requeria domiciliació bancària.</p>
<p align="justify">Per més informació, <strong>no dubti en contactar-nos!</strong></p>
<p>[/vc_column_text][/vc_column_inner][vc_column_inner width=&#8221;1/2&#8243;][vc_single_image image=&#8221;15786&#8243; img_size=&#8221;full&#8221; qode_css_animation=&#8221;element_from_fade&#8221; transition_delay=&#8221;0.1&#8243;][vc_separator type=&#8221;transparent&#8221; up=&#8221;30&#8243; down=&#8221;0&#8243;][/vc_column_inner][/vc_row_inner][vc_separator type=&#8221;normal&#8221; color=&#8221;#d6d6d6&#8243; up=&#8221;35&#8243; down=&#8221;45&#8243;][vc_separator type=&#8221;transparent&#8221; up=&#8221;60&#8243; down=&#8221;30&#8243;][/vc_column][/vc_row][vc_row css_animation=&#8221;&#8221; row_type=&#8221;row&#8221; use_row_as_full_screen_section=&#8221;no&#8221; type=&#8221;full_width&#8221; angled_section=&#8221;no&#8221; text_align=&#8221;left&#8221; background_image_as_pattern=&#8221;without_pattern&#8221;][vc_column][vc_column_text]</p>
<h2 style="text-align: center;"><span style="color: #003366;">En què el podem AJUDAR?</span></h2>
<p>[/vc_column_text][vc_separator type=&#8221;transparent&#8221; up=&#8221;11&#8243; down=&#8221;0&#8243;][/vc_column][/vc_row]</p>

<p>[vc_row css_animation=&#8221;&#8221; row_type=&#8221;row&#8221; use_row_as_full_screen_section=&#8221;no&#8221; type=&#8221;grid&#8221; angled_section=&#8221;no&#8221; text_align=&#8221;left&#8221; background_image_as_pattern=&#8221;without_pattern&#8221; padding_top=&#8221;10&#8243; padding_bottom=&#8221;15&#8243; z_index=&#8221;&#8221;][vc_column][vc_separator type=&#8221;transparent&#8221; up=&#8221;15&#8243; down=&#8221;0&#8243;][vc_column_text] Darreres Notícies [/vc_column_text][vc_separator type=&#8221;small&#8221; position=&#8221;center&#8221;][vc_column_text] En aquest espai, DESPATX CARRASCO li oferirà informació sobre aquelles notícies que siguin rellevants a nivell de Dret Civil, Mercantil, Laboral, Penal,&#8230;; així com aquelles notícies que&#8230;</p>
