{"id":15836,"date":"2018-07-28T11:12:07","date_gmt":"2018-07-28T11:12:07","guid":{"rendered":"http:\/\/despatxcarrasco.com\/?page_id=15836\/"},"modified":"2018-07-28T11:35:59","modified_gmt":"2018-07-28T11:35:59","slug":"advocats-i-graduats-socials-de-despatx-carrasco","status":"publish","type":"page","link":"http:\/\/despatxcarrasco.com\/ca\/advocats-i-graduats-socials-de-despatx-carrasco\/","title":{"rendered":"Advocats i Graduats Socials de Despatx Carrasco"},"content":{"rendered":"<p>[vc_row css_animation=&#8221;&#8221; row_type=&#8221;row&#8221; use_row_as_full_screen_section=&#8221;no&#8221; type=&#8221;grid&#8221; angled_section=&#8221;no&#8221; text_align=&#8221;left&#8221; background_image_as_pattern=&#8221;without_pattern&#8221; padding_top=&#8221;10&#8243; padding_bottom=&#8221;15&#8243; z_index=&#8221;&#8221;][vc_column][vc_single_image image=&#8221;15607&#8243; img_size=&#8221;large&#8221; alignment=&#8221;center&#8221; style=&#8221;vc_box_shadow_3d&#8221; qode_css_animation=&#8221;&#8221;][vc_separator type=&#8221;transparent&#8221; up=&#8221;15&#8243; down=&#8221;0&#8243;][vc_column_text]<\/p>\n<h2 style=\"text-align: center;\">El Despatx<\/h2>\n<p>[\/vc_column_text][vc_separator type=&#8221;small&#8221; position=&#8221;center&#8221;][vc_column_text]<\/p>\n<h4 style=\"text-align: justify;\">Fundat per D. Juan Antonio Carrasco Sanabria; <strong>DESPATX CARRASCO<\/strong> inicia la seva activitat el 1982 donant servei des de Barcelona i \u00e9s des de 2016, que compta tamb\u00e9 amb una nova oficina a Tarragona.<\/h4>\n<h4 style=\"text-align: justify;\">Caracteritzat pel comprom\u00eds amb l&#8217;<strong>\u00c8tica<\/strong> i la <strong>Deontologia Professional<\/strong>, s\u00f3n aquests valors i el nostre m\u00e8tode de treball basat en la fidelitat als nostres clients, l&#8217;atenci\u00f3 personalitzada i l&#8217;estudi i seguiment exhaustiu del procediment<span style=\"color: #003366;\"><strong>\u00a0fins la seva conclusi\u00f3<\/strong><\/span>; els motius que han fet que\u00a0<strong>DESPATX CARRASCO<\/strong>\u00a0es guanyi la confian\u00e7a i el respecte dels nostres clients fins a dia d&#8217;avui.<\/h4>\n<h4 style=\"text-align: justify;\">El nostre objectiu de futur \u00e9s seguir creixent en qualitat, comprom\u00eds i responsabilitat amb totes i cadascuna de les persones que confien en nosaltres per a la gesti\u00f3 del seus casos.<\/h4>\n<p>[\/vc_column_text][vc_separator type=&#8221;transparent&#8221; up=&#8221;64&#8243; down=&#8221;0&#8243;][vc_column_text]<\/p>\n<h2 style=\"text-align: center;\">Els Nostres Professionals<\/h2>\n<p>[\/vc_column_text][vc_separator type=&#8221;small&#8221; position=&#8221;center&#8221;][vc_column_text]<\/p>\n<h4 style=\"text-align: justify;\">A m\u00e9s dels <strong>Socis del Despatx<\/strong>, disposem d&#8217;un ampli equip d&#8217;Advocats i Graduats Socials amb una gran traject\u00f2ria en Dret\u00a0(Civil, Mercantil, Laboral, Fiscal,&#8230;); que acrediten m\u00e9s de 35 anys de experi\u00e8ncia.<\/h4>\n<p>[\/vc_column_text][vc_separator type=&#8221;transparent&#8221; up=&#8221;64&#8243; down=&#8221;0&#8243;][vc_row_inner row_type=&#8221;row&#8221; type=&#8221;full_width&#8221; text_align=&#8221;left&#8221; css_animation=&#8221;&#8221;][vc_column_inner width=&#8221;1\/3&#8243;][vc_separator type=&#8221;transparent&#8221; up=&#8221;30&#8243; down=&#8221;0&#8243;][vc_column_text]<\/p>\n<h5>JUAN ANTONIO<br \/>\nCARRASCO SANABRIA<\/h5>\n<p>[\/vc_column_text][vc_separator type=&#8221;transparent&#8221; up=&#8221;11&#8243; down=&#8221;0&#8243;][vc_column_text]Llicenciat en Dret.<br \/>\nGraduat Social.[\/vc_column_text][vc_separator type=&#8221;transparent&#8221; up=&#8221;48&#8243; down=&#8221;0&#8243;][\/vc_column_inner][vc_column_inner width=&#8221;1\/3&#8243;][vc_separator type=&#8221;transparent&#8221; up=&#8221;30&#8243; down=&#8221;0&#8243;][vc_column_text]<\/p>\n<h5>OLGA<br \/>\nMAC\u00cdAS RAMOS<\/h5>\n<p>[\/vc_column_text][vc_separator type=&#8221;transparent&#8221; up=&#8221;11&#8243; down=&#8221;0&#8243;][vc_column_text]Llicenciada en Dret.<br \/>\nDiplomada en Relacions Laborals.[\/vc_column_text][vc_separator type=&#8221;transparent&#8221; up=&#8221;48&#8243; down=&#8221;0&#8243;][\/vc_column_inner][vc_column_inner width=&#8221;1\/3&#8243;][vc_separator type=&#8221;transparent&#8221; up=&#8221;30&#8243; down=&#8221;0&#8243;][vc_column_text]<\/p>\n<h5>OLIVER<br \/>\nCARRASCO MAC\u00cdAS<\/h5>\n<p>[\/vc_column_text][vc_separator type=&#8221;transparent&#8221; up=&#8221;11&#8243; down=&#8221;0&#8243;][vc_column_text]Llicenciat en Dret.[\/vc_column_text][vc_separator type=&#8221;transparent&#8221; up=&#8221;48&#8243; down=&#8221;0&#8243;][\/vc_column_inner][\/vc_row_inner][\/vc_column][\/vc_row][vc_row css_animation=&#8221;&#8221; row_type=&#8221;row&#8221; use_row_as_full_screen_section=&#8221;no&#8221; type=&#8221;full_width&#8221; angled_section=&#8221;no&#8221; text_align=&#8221;left&#8221; background_image_as_pattern=&#8221;without_pattern&#8221;][vc_column][vc_column_text]<\/p>\n<h2 style=\"text-align: center;\"><span style=\"color: #003366;\">En qu\u00e8 el podem AJUDAR?<\/span><\/h2>\n<p>[\/vc_column_text][vc_separator type=&#8221;transparent&#8221; up=&#8221;11&#8243; down=&#8221;0&#8243;][\/vc_column][\/vc_row]<\/p>\n","protected":false},"excerpt":{"rendered":"<p>[vc_row css_animation=&#8221;&#8221; row_type=&#8221;row&#8221; use_row_as_full_screen_section=&#8221;no&#8221; type=&#8221;grid&#8221; angled_section=&#8221;no&#8221; text_align=&#8221;left&#8221; background_image_as_pattern=&#8221;without_pattern&#8221; padding_top=&#8221;10&#8243; padding_bottom=&#8221;15&#8243; z_index=&#8221;&#8221;][vc_column][vc_single_image image=&#8221;15607&#8243; img_size=&#8221;large&#8221; alignment=&#8221;center&#8221; style=&#8221;vc_box_shadow_3d&#8221; qode_css_animation=&#8221;&#8221;][vc_separator type=&#8221;transparent&#8221; up=&#8221;15&#8243; down=&#8221;0&#8243;][vc_column_text] El Despatx [\/vc_column_text][vc_separator type=&#8221;small&#8221; position=&#8221;center&#8221;][vc_column_text] Fundat per D. Juan Antonio Carrasco Sanabria; DESPATX CARRASCO inicia la seva activitat el 1982 donant servei des de Barcelona i&#8230;<\/p>\n","protected":false},"author":1,"featured_media":0,"parent":0,"menu_order":0,"comment_status":"closed","ping_status":"closed","template":"full_width.php","meta":{"footnotes":""},"class_list":["post-15836","page","type-page","status-publish","hentry"],"_links":{"self":[{"href":"http:\/\/despatxcarrasco.com\/ca\/wp-json\/wp\/v2\/pages\/15836","targetHints":{"allow":["GET"]}}],"collection":[{"href":"http:\/\/despatxcarrasco.com\/ca\/wp-json\/wp\/v2\/pages"}],"about":[{"href":"http:\/\/despatxcarrasco.com\/ca\/wp-json\/wp\/v2\/types\/page"}],"author":[{"embeddable":true,"href":"http:\/\/despatxcarrasco.com\/ca\/wp-json\/wp\/v2\/users\/1"}],"replies":[{"embeddable":true,"href":"http:\/\/despatxcarrasco.com\/ca\/wp-json\/wp\/v2\/comments?post=15836"}],"version-history":[{"count":4,"href":"http:\/\/despatxcarrasco.com\/ca\/wp-json\/wp\/v2\/pages\/15836\/revisions"}],"predecessor-version":[{"id":15840,"href":"http:\/\/despatxcarrasco.com\/ca\/wp-json\/wp\/v2\/pages\/15836\/revisions\/15840"}],"wp:attachment":[{"href":"http:\/\/despatxcarrasco.com\/ca\/wp-json\/wp\/v2\/media?parent=15836"}],"curies":[{"name":"wp","href":"https:\/\/api.w.org\/{rel}","templated":true}]}}

<p>[vc_row css_animation=&#8221;&#8221; row_type=&#8221;row&#8221; use_row_as_full_screen_section=&#8221;no&#8221; type=&#8221;grid&#8221; angled_section=&#8221;no&#8221; text_align=&#8221;left&#8221; background_image_as_pattern=&#8221;without_pattern&#8221; padding_top=&#8221;10&#8243; padding_bottom=&#8221;15&#8243; z_index=&#8221;&#8221;][vc_column][vc_single_image image=&#8221;15607&#8243; img_size=&#8221;large&#8221; alignment=&#8221;center&#8221; style=&#8221;vc_box_shadow_3d&#8221; qode_css_animation=&#8221;&#8221;][vc_separator type=&#8221;transparent&#8221; up=&#8221;15&#8243; down=&#8221;0&#8243;][vc_column_text]</p>
<h2 style="text-align: center;">El Despatx</h2>
<p>[/vc_column_text][vc_separator type=&#8221;small&#8221; position=&#8221;center&#8221;][vc_column_text]</p>
<h4 style="text-align: justify;">Fundat per D. Juan Antonio Carrasco Sanabria; <strong>DESPATX CARRASCO</strong> inicia la seva activitat el 1982 donant servei des de Barcelona i és des de 2016, que compta també amb una nova oficina a Tarragona.</h4>
<h4 style="text-align: justify;">Caracteritzat pel compromís amb l&#8217;<strong>Ètica</strong> i la <strong>Deontologia Professional</strong>, són aquests valors i el nostre mètode de treball basat en la fidelitat als nostres clients, l&#8217;atenció personalitzada i l&#8217;estudi i seguiment exhaustiu del procediment<span style="color: #003366;"><strong> fins la seva conclusió</strong></span>; els motius que han fet que <strong>DESPATX CARRASCO</strong> es guanyi la confiança i el respecte dels nostres clients fins a dia d&#8217;avui.</h4>
<h4 style="text-align: justify;">El nostre objectiu de futur és seguir creixent en qualitat, compromís i responsabilitat amb totes i cadascuna de les persones que confien en nosaltres per a la gestió del seus casos.</h4>
<p>[/vc_column_text][vc_separator type=&#8221;transparent&#8221; up=&#8221;64&#8243; down=&#8221;0&#8243;][vc_column_text]</p>
<h2 style="text-align: center;">Els Nostres Professionals</h2>
<p>[/vc_column_text][vc_separator type=&#8221;small&#8221; position=&#8221;center&#8221;][vc_column_text]</p>
<h4 style="text-align: justify;">A més dels <strong>Socis del Despatx</strong>, disposem d&#8217;un ampli equip d&#8217;Advocats i Graduats Socials amb una gran trajectòria en Dret (Civil, Mercantil, Laboral, Fiscal,&#8230;); que acrediten més de 35 anys de experiència.</h4>
<p>[/vc_column_text][vc_separator type=&#8221;transparent&#8221; up=&#8221;64&#8243; down=&#8221;0&#8243;][vc_row_inner row_type=&#8221;row&#8221; type=&#8221;full_width&#8221; text_align=&#8221;left&#8221; css_animation=&#8221;&#8221;][vc_column_inner width=&#8221;1/3&#8243;][vc_separator type=&#8221;transparent&#8221; up=&#8221;30&#8243; down=&#8221;0&#8243;][vc_column_text]</p>
<h5>JUAN ANTONIO<br />
CARRASCO SANABRIA</h5>
<p>[/vc_column_text][vc_separator type=&#8221;transparent&#8221; up=&#8221;11&#8243; down=&#8221;0&#8243;][vc_column_text]Llicenciat en Dret.<br />
Graduat Social.[/vc_column_text][vc_separator type=&#8221;transparent&#8221; up=&#8221;48&#8243; down=&#8221;0&#8243;][/vc_column_inner][vc_column_inner width=&#8221;1/3&#8243;][vc_separator type=&#8221;transparent&#8221; up=&#8221;30&#8243; down=&#8221;0&#8243;][vc_column_text]</p>
<h5>OLGA<br />
MACÍAS RAMOS</h5>
<p>[/vc_column_text][vc_separator type=&#8221;transparent&#8221; up=&#8221;11&#8243; down=&#8221;0&#8243;][vc_column_text]Llicenciada en Dret.<br />
Diplomada en Relacions Laborals.[/vc_column_text][vc_separator type=&#8221;transparent&#8221; up=&#8221;48&#8243; down=&#8221;0&#8243;][/vc_column_inner][vc_column_inner width=&#8221;1/3&#8243;][vc_separator type=&#8221;transparent&#8221; up=&#8221;30&#8243; down=&#8221;0&#8243;][vc_column_text]</p>
<h5>OLIVER<br />
CARRASCO MACÍAS</h5>
<p>[/vc_column_text][vc_separator type=&#8221;transparent&#8221; up=&#8221;11&#8243; down=&#8221;0&#8243;][vc_column_text]Llicenciat en Dret.[/vc_column_text][vc_separator type=&#8221;transparent&#8221; up=&#8221;48&#8243; down=&#8221;0&#8243;][/vc_column_inner][/vc_row_inner][/vc_column][/vc_row][vc_row css_animation=&#8221;&#8221; row_type=&#8221;row&#8221; use_row_as_full_screen_section=&#8221;no&#8221; type=&#8221;full_width&#8221; angled_section=&#8221;no&#8221; text_align=&#8221;left&#8221; background_image_as_pattern=&#8221;without_pattern&#8221;][vc_column][vc_column_text]</p>
<h2 style="text-align: center;"><span style="color: #003366;">En què el podem AJUDAR?</span></h2>
<p>[/vc_column_text][vc_separator type=&#8221;transparent&#8221; up=&#8221;11&#8243; down=&#8221;0&#8243;][/vc_column][/vc_row]</p>
